53232905?
3
What is the ten thousands digit of 1003269?
0
What is the ten millions digit of 380427903?
8
What is the hundreds digit of 18758637?
6
What is the thousands digit of 21858042?
8
What is the ten thousands digit of 319463613?
6
What is the hundred thousands digit of 165551130?
5
What is the units digit of 4536042540?
0
What is the thousands digit of 1958804170?
4
What is the hundred millions digit of 3326390526?
3
What is the ten millions digit of 43978573?
4
What is the billions digit of 1963035952?
1
What is the units digit of 6988162?
2
What is the tens digit of 70878219?
1
What is the thousands digit of 222195402?
5
What is the ten millions digit of 31559379?
3
What is the units digit of 564918779?
9
What is the ten millions digit of 355595314?
5
What is the hundred millions digit of 190311392?
1
What is the ten thousands digit of 147204692?
0
What is the ten thousands digit of 3572173604?
7
What is the thousands digit of 17122364?
2
What is the hundred thousands digit of 17789893?
7
What is the units digit of 3419854072?
2
What is the hundreds digit of 732530755?
7
What is the tens digit of 56340185?
8
What is the ten millions digit of 12683962?
1
What is the hundred thousands digit of 579753355?
7
What is the millions digit of 5912690891?
2
What is the tens digit of 1860408?
0
What is the units digit of 92657601?
1
What is the ten thousands digit of 21771830?
7
What is the hundreds digit of 164435008?
0
What is the units digit of 29426178?
8
What is the thousands digit of 270007547?
7
What is the hundreds digit of 1063254796?
7
What is the hundreds digit of 2732393686?
6
What is the hundred thousands digit of 29874966?
8
What is the hundred thousands digit of 76791080?
7
What is the hundreds digit of 57415252?
2
What is the hundred thousands digit of 43563190?
5
What is the units digit of 10299615?
5
What is the units digit of 228351019?
9
What is the hundred thousands digit of 1537055687?
0
What is the billions digit of 2879756093?
2
What is the thousands digit of 19775666?
5
What is the ten millions digit of 393709489?
9
What is the ten millions digit of 1657262938?
5
What is the thousands digit of 7967761?
7
What is the hundred thousands digit of 50764048?
7
What is the hundred thousands digit of 459764171?
7
What is the tens digit of 36946462?
6
What is the hundreds digit of 196875178?
1
What is the hundreds digit of 3937125?
1
What is the hundred millions digit of 2812672730?
8
What is the units digit of 385902674?
4
What is the hundreds digit of 19340415?
4
What is the ten millions digit of 3424046986?
2
What is the units digit of 388203888?
8
What is the ten millions digit of 40635603?
4
What is the ten thousands digit of 111836427?
3
What is the hundreds digit of 110241625?
6
What is the billions digit of 4421071502?
4
What is the tens digit of 10082258?
5
What is the ten thousands digit of 30228342?
2
What is the millions digit of 18774855?
8
What is the ten thousands digit of 57492414?
9
What is the tens digit of 92872194?
9
What is the hundreds digit of 128739361?
3
What is the tens digit of 369760793?
9
What is the ten millions digit of 441987294?
4
What is the hundred thousands digit of 62909717?
9
What is the hundreds digit of 375720130?
1
What is the thousands digit of 334779661?
9
What is the thousands digit of 1604921567?
1
What is the units digit of 20941068?
8
What is the millions digit of 275198839?
5
What is the ten millions digit of 26480935?
2
What is the ten millions digit of 31498913?
3
What is the units digit of 3094377315?
5
What is the thousands digit of 43141842?
1
What is the thousands digit of 4367098?
7
What is the ten thousands digit of 397238383?
3
What is the ten thousands digit of 1330409356?
0
What is the ten thousands digit of 3174870347?
7
What is the ten millions digit of 903773520?
0
What is the ten thousands digit of 2805843688?
4
What is the hundreds digit of 71684505?
5
What is the millions digit of 61278794?
1
What is the hundred millions digit of 2567012550?
5
What is the hundreds digit of 506816020?
0
What is the millions digit of 385750440?
5
What is the units digit of 14732822?
2
What is the hundred thousands digit of 52777142?
7
What is the ten millions digit of 1350511903?
5
What is the hundreds digit of 436474264?
2
What is the tens digit of 68689594?
9
What is the ten thousands digit of 243177896?
7
What is the millions digit of 185345507?
5
What is the thousands digit of 198363647?
3
What is the hundred thousands digit of 628924451?
9
What is the thousands digit of 216804126?
4
What is the millions digit of 2019547483?
9
What is the tens digit of 21366277?
7
What is the hundred thousands digit of 22166750?
1
What is the hundred thousands digit of 117260518?
2
What is the ten millions digit of 453406371?
5
What is the thousands digit of 1068142005?
2
What is the ten thousands digit of 193195379?
9
What is the ten thousands digit of 168962370?
6
What is the thousands digit of 156775067?
5
What is the ten thousands digit of 36855922?
5
What is the hundred millions digit of 109593371?
1
What is the hundred thousands digit of 2475231364?
2
What is the hundreds digit of 164189373?
3
What is the billions digit of 1225727548?
1
What is the units digit of 414825413?
3
What is the ten thousands digit of 397553029?
5
What is the millions digit of 122015637?
2
What is the hundreds digit of 2319250959?
9
What is the tens digit of 444261574?
7
What is the units digit of 416552804?
4
What is the ten millions digit of 1982205223?
8
What is the hundreds digit of 248610560?
5
What is the tens digit of 510954927?
2
What is the thousands digit of 662366604?
6
What is the hundred thousands digit of 9202005?
2
What is the hundreds digit of 623116868?
8
What is the ten thousands digit of 1117850499?
5
What is the ten millions digit of 3595450701?
9
What is the ten thousands digit of 285575103?
7
What is the hundred thousands digit of 18572843?
5
What is the billions digit of 1020582797?
1
What is the millions digit of 2964828040?
4
What is the thousands digit of 574562514?
2
What is the units digit of 552332534?
4
What is the ten millions digit of 66832577?
6
What is the hundreds digit of 23671954?
9
What is the hundred thousands digit of 339964?
3
What is the millions digit of 112065256?
2
What is the hundred thousands digit of 39159944?
1
What is the ten millions digit of 117391374?
1
What is the tens digit of 265023090?
9
What is the ten thousands digit of 280037010?
3
What is the millions digit of 1243573963?
3
What is the thousands digit of 147415593?
5
What is the ten thousands digit of 1389741606?
4
What is the hundreds digit of 53090043?
0
What is the hundred millions digit of 503857819?
5
What is the tens digit of 449269240?
4
What is the hundreds digit of 5306491602?
6
What is the tens digit of 37585019?
1
What is the thousands digit of 6368869284?
9
What is the hundreds digit of 1136002784?
7
What is the ten thousands digit of 41025665?
2
What is the ten thousands digit of 29420899?
2
What is the hundred thousands digit of 61837156?
8
What is the ten thousands digit of 105101861?
0
What is the thousands digit of 2953985289?
5
What is the thousands digit of 83880810?
0
What is the hundred thousands digit of 48206724?
2
What is the thousands digit of 250141?
0
What is the hundreds digit of 51205863?
8
What is the hundred thousands digit of 385863406?
8
What is the millions digit of 11262221?
1
What is the hundred thousands digit of 145772959?
7
What is the ten thousands digit of 752210026?
1
What is the units digit of 1507131934?
4
What is the thousands digit of 15278206?
8
What is the ten millions digit of 626559075?
2
What is the hundred thousands digit of 1799730365?
7
What is the ten millions digit of 36816163?
3
What is the tens digit of 86032498?
9
What is the units digit of 48152445?
5
What is the ten millions digit of 268076031?
6
What is the ten thousands digit of 752727376?
2
What is the hundred millions digit of 651500067?
6
What is the hundred thousands digit of 42308794?
3
What is the hundreds digit of 9530095?
0
What is the tens digit of 1474813099?
9
What is the ten millions digit of 471135712?
7
What is the ten millions digit of 4803248829?
0
What is the thousands dig